{"id":823,"date":"2021-04-25T00:42:27","date_gmt":"2021-04-24T22:42:27","guid":{"rendered":"https:\/\/kriik.al\/home\/?page_id=823"},"modified":"2023-07-12T20:54:59","modified_gmt":"2023-07-12T18:54:59","slug":"platforma-kombetare-per-grate","status":"publish","type":"page","link":"https:\/\/kriik.al\/home\/platforma-kombetare-per-grate\/","title":{"rendered":"Platforma Komb\u00ebtare p\u00ebr Grat\u00eb"},"content":{"rendered":"\n<div class=\"wp-block-image is-style-default\"><figure class=\"aligncenter size-large is-resized\"><img loading=\"lazy\" decoding=\"async\" src=\"https:\/\/kriik.al\/home\/wp-content\/uploads\/2021\/04\/14_Platforma-Kombetare-per-Grate.jpeg\" alt=\"\" class=\"wp-image-824\" width=\"162\" height=\"162\" srcset=\"https:\/\/kriik.al\/home\/wp-content\/uploads\/2021\/04\/14_Platforma-Kombetare-per-Grate.jpeg 600w, https:\/\/kriik.al\/home\/wp-content\/uploads\/2021\/04\/14_Platforma-Kombetare-per-Grate-300x300.jpeg 300w, https:\/\/kriik.al\/home\/wp-content\/uploads\/2021\/04\/14_Platforma-Kombetare-per-Grate-150x150.jpeg 150w\" sizes=\"auto, (max-width: 162px) 100vw, 162px\" \/><\/figure><\/div>\n\n\n\n<hr class=\"wp-block-separator\"\/>\n\n\n\n<h3 class=\"wp-block-heading\"><strong>P\u00ebrshkrimi<\/strong><\/h3>\n\n\n\n<p>Platforma Komb\u00ebtare p\u00ebr Grat\u00eb&nbsp;&nbsp;\u00ebsht\u00eb nj\u00eb rrjet vullnetar i krijuar 14 vite&nbsp;&nbsp;m\u00eb par\u00eb n\u00eb Sarand\u00eb e me shtrirje n\u00eb gjithe vendin fal mbeshtetjes s\u00eb OSCE n\u00eb kuad\u00ebr t\u00eb projektit p\u00ebr fuqizimin e grave n\u00eb vendimmarrje.&nbsp;&nbsp;Nuk jemi t\u00eb rregjistruar n\u00eb Gjykat\u00eb, operojm\u00eb me pergjegj\u00ebsi individuale dhe n\u00eb form\u00eb task forcash lokale n\u00eb gjith\u00eb Shqiperin\u00eb.&nbsp;<\/p>\n\n\n\n<p><em><strong>Q\u00ebllimi<\/strong><\/em><\/p>\n\n\n\n<ul class=\"wp-block-list\"><li>Advokimi dhe lobimi p\u00ebr barazi gjinore n\u00eb jet\u00ebn politike dhe publike;<\/li><li>Nd\u00ebrgjegj\u00ebsimi n\u00eb lidhje me stereotipet gjinore, dhe kund\u00ebrshtimi&nbsp;i tyre n\u00eb familje dhe shoq\u00ebri;<\/li><li>Mb\u00ebshtetja e grave n\u00eb rritjen e kapaciteteve t\u00eb tyre (personale, profesionale, politike);<\/li><li>Puna me mediat n\u00eb funksion t\u00eb promovimit t\u00eb barazis\u00eb gjinore dhe sfidimit t\u00eb stereotipave gjinor\u00eb;<\/li><li>&#8220;Lufta\u201c, apo p\u00ebrpjekjet p\u00ebr t\u00eb zbatuar legjislacionin p\u00ebr barazin\u00eb gjinore dhe ligjet q\u00eb lidhen me t\u00eb.<\/li><\/ul>\n\n\n\n<p><strong><em>Rajoni gjeografik ku vepron<\/em><\/strong><\/p>\n\n\n\n<p>Shtrirje komb\u00ebtare<\/p>\n\n\n\n<div style=\"height:20px\" aria-hidden=\"true\" class=\"wp-block-spacer\"><\/div>\n\n\n\n<h3 class=\"wp-block-heading\"><strong>Kontakt<\/strong><\/h3>\n\n\n\n<p> P\u00ebrfaq\u00ebsuesi ligjor i organizat\u00ebs, Laureta Roshi<\/p>\n\n\n\n<p> E-mail: <a href=\"mailto:infor@medpak.org\"><\/a><a href=\"mailto:lauretaroshi@hotmail.com\">lauretaroshi@hotmail.com<\/a><\/p>\n\n\n\n<hr class=\"wp-block-separator\"\/>\n\n\n\n<p><\/p>\n","protected":false},"excerpt":{"rendered":"<p>P\u00ebrshkrimi Platforma Komb\u00ebtare p\u00ebr Grat\u00eb&nbsp;&nbsp;\u00ebsht\u00eb nj\u00eb rrjet vullnetar i krijuar 14 vite&nbsp;&nbsp;m\u00eb par\u00eb n\u00eb Sarand\u00eb e me shtrirje n\u00eb gjithe vendin fal mbeshtetjes s\u00eb OSCE n\u00eb kuad\u00ebr t\u00eb projektit p\u00ebr fuqizimin e grave n\u00eb vendimmarrje.&nbsp;&nbsp;Nuk jemi t\u00eb rregjistruar n\u00eb Gjykat\u00eb, operojm\u00eb me pergjegj\u00ebsi individuale dhe n\u00eb form\u00eb task forcash lokale n\u00eb gjith\u00eb Shqiperin\u00eb.&nbsp; Q\u00ebllimi Advokimi&#8230;<\/p>\n","protected":false},"author":4,"featured_media":0,"parent":0,"menu_order":0,"comment_status":"closed","ping_status":"closed","template":"","meta":{"om_disable_all_campaigns":false,"_monsterinsights_skip_tracking":false,"_monsterinsights_sitenote_active":false,"_monsterinsights_sitenote_note":"","_monsterinsights_sitenote_category":0,"footnotes":""},"class_list":["post-823","page","type-page","status-publish","hentry"],"aioseo_notices":[],"_links":{"self":[{"href":"https:\/\/kriik.al\/home\/wp-json\/wp\/v2\/pages\/823","targetHints":{"allow":["GET"]}}],"collection":[{"href":"https:\/\/kriik.al\/home\/wp-json\/wp\/v2\/pages"}],"about":[{"href":"https:\/\/kriik.al\/home\/wp-json\/wp\/v2\/types\/page"}],"author":[{"embeddable":true,"href":"https:\/\/kriik.al\/home\/wp-json\/wp\/v2\/users\/4"}],"replies":[{"embeddable":true,"href":"https:\/\/kriik.al\/home\/wp-json\/wp\/v2\/comments?post=823"}],"version-history":[{"count":5,"href":"https:\/\/kriik.al\/home\/wp-json\/wp\/v2\/pages\/823\/revisions"}],"predecessor-version":[{"id":2472,"href":"https:\/\/kriik.al\/home\/wp-json\/wp\/v2\/pages\/823\/revisions\/2472"}],"wp:attachment":[{"href":"https:\/\/kriik.al\/home\/wp-json\/wp\/v2\/media?parent=823"}],"curies":[{"name":"wp","href":"https:\/\/api.w.org\/{rel}","templated":true}]}}