{"id":336,"date":"2019-07-23T16:51:29","date_gmt":"2019-07-23T14:51:29","guid":{"rendered":"https:\/\/kriik.al\/home\/?page_id=336"},"modified":"2023-02-25T15:05:33","modified_gmt":"2023-02-25T14:05:33","slug":"kush-jemi-2","status":"publish","type":"page","link":"https:\/\/kriik.al\/home\/kush-jemi-2\/","title":{"rendered":"Kush jemi?"},"content":{"rendered":"\n<p>Koalicioni p\u00ebr Reforma, Integrim dhe Institucione t\u00eb Konsoliduara (KRIIK) \u00ebsht\u00eb nj\u00eb organizat\u00eb jo-fitimprur\u00ebse dhe jo-qeveritare, e themeluar n\u00eb tetor t\u00eb vitit 1997 nga nj\u00eb grup student\u00ebsh. Qendra e organizat\u00ebs \u00ebsht\u00eb n\u00eb Tiran\u00eb, dhe aktiviteti i saj shtrihet n\u00eb t\u00eb gjith\u00eb vendin, duke operuar n\u00ebp\u00ebrmjet p\u00ebrfaq\u00ebsuesve lokal\u00eb dhe\/ose organizatave partnere.\u00a0<\/p>\n\n\n\n<p>KRIIK \u00ebsht\u00eb regjistruar m\u00eb 26 dhjetor 1997, me Vendimin Nr. 6493 t\u00eb Gjykat\u00ebs s\u00eb Rrethit Gjyq\u00ebsor Tiran\u00eb, n\u00eb form\u00ebn e shoqat\u00ebs me an\u00ebtar\u00ebsi. Trupa m\u00eb e lart\u00eb vendimmarr\u00ebse e organizat\u00ebs \u00ebsht\u00eb Mbledhja e P\u00ebrgjithshme e An\u00ebtar\u00ebve. Mbledhja e An\u00ebtar\u00ebve zgjedh organet drejtuese t\u00eb organizat\u00ebs \u2013 Kryetarin dhe Kryesin\u00eb, miraton dokumentet e r\u00ebnd\u00ebsishme statutore, strategjike dhe politike dhe monitoron pun\u00ebn e organeve drejtuese.&nbsp;<\/p>\n\n\n\n<h2 class=\"wp-block-heading\">Vlerat themelore<\/h2>\n\n\n\n<p>Vlerat themelore n\u00eb t\u00eb cilat bazohet aktiviteti i KRIIK jan\u00eb angazhimi qytetar vullnetar; paan\u00ebsia dhe pavar\u00ebsia; integriteti; konsekuenca n\u00eb p\u00ebrmbushjen e misionit me profesionaliz\u00ebm dhe p\u00ebrkushtim; objektiviteti n\u00eb vler\u00ebsimin e fakteve dhe argumenteve; respekti p\u00ebr diversitetin njer\u00ebzor dhe at\u00eb t\u00eb opinioneve; transparenca n\u00eb veprimtari dhe ruajtja e mjedisit.&nbsp;<\/p>\n\n\n\n<h2 class=\"wp-block-heading\">Vizioni<\/h2>\n\n\n\n<p>Vizioni i KRIIK \u00ebsht\u00eb ai i nj\u00eb shoq\u00ebrie ku mbizot\u00ebron shteti ligjor; respektohen kat\u00ebrcip\u00ebrisht dhe pa kompromis t\u00eb drejtat dhe lirit\u00eb themelore t\u00eb njeriut, lirit\u00eb qytetare, politike dhe t\u00eb nd\u00ebrgjegjes t\u00eb t\u00eb gjith\u00eb individ\u00ebve, pa asnj\u00eb dallim; ku mbizot\u00ebron sensi i komunitetit dhe qytetar\u00ebt jan\u00eb t\u00eb angazhuar n\u00eb hartimin e politikave publike n\u00eb m\u00ebnyr\u00eb dometh\u00ebn\u00ebse dhe sovran\u00eb dhe ku p\u00ebrfaq\u00ebsuesit e zgjedhur e zyrtar\u00ebt e tjer\u00eb publik\u00eb kan\u00eb si interes par\u00ebsor mir\u00ebqenien e qytetar\u00ebve&nbsp;<\/p>\n\n\n\n<h2 class=\"wp-block-heading\">Misioni<\/h2>\n\n\n\n<p>KRIIK punon p\u00ebr mbrojtjen e t\u00eb drejtave t\u00eb njeriut dhe siguris\u00eb njer\u00ebzore, forcimin e shtetit t\u00eb s\u00eb drejt\u00ebs dhe qeverisjes demokratike; nxitjen e aktivizmit dhe angazhimit qytetar dhe nxitjen e llogaridh\u00ebnies s\u00eb institucioneve publike dhe politike.&nbsp;<\/p>\n","protected":false},"excerpt":{"rendered":"<p>Koalicioni p\u00ebr Reforma, Integrim dhe Institucione t\u00eb Konsoliduara (KRIIK) \u00ebsht\u00eb nj\u00eb organizat\u00eb jo-fitimprur\u00ebse dhe jo-qeveritare, e themeluar n\u00eb tetor t\u00eb vitit 1997 nga nj\u00eb grup student\u00ebsh. Qendra e organizat\u00ebs \u00ebsht\u00eb n\u00eb Tiran\u00eb, dhe aktiviteti i saj shtrihet n\u00eb t\u00eb gjith\u00eb vendin, duke operuar n\u00ebp\u00ebrmjet p\u00ebrfaq\u00ebsuesve lokal\u00eb dhe\/ose organizatave partnere.\u00a0 KRIIK \u00ebsht\u00eb regjistruar m\u00eb 26 dhjetor&#8230;<\/p>\n","protected":false},"author":3,"featured_media":0,"parent":0,"menu_order":0,"comment_status":"closed","ping_status":"closed","template":"","meta":{"om_disable_all_campaigns":false,"_monsterinsights_skip_tracking":false,"_monsterinsights_sitenote_active":false,"_monsterinsights_sitenote_note":"","_monsterinsights_sitenote_category":0,"footnotes":""},"class_list":["post-336","page","type-page","status-publish","hentry"],"aioseo_notices":[],"_links":{"self":[{"href":"https:\/\/kriik.al\/home\/wp-json\/wp\/v2\/pages\/336","targetHints":{"allow":["GET"]}}],"collection":[{"href":"https:\/\/kriik.al\/home\/wp-json\/wp\/v2\/pages"}],"about":[{"href":"https:\/\/kriik.al\/home\/wp-json\/wp\/v2\/types\/page"}],"author":[{"embeddable":true,"href":"https:\/\/kriik.al\/home\/wp-json\/wp\/v2\/users\/3"}],"replies":[{"embeddable":true,"href":"https:\/\/kriik.al\/home\/wp-json\/wp\/v2\/comments?post=336"}],"version-history":[{"count":2,"href":"https:\/\/kriik.al\/home\/wp-json\/wp\/v2\/pages\/336\/revisions"}],"predecessor-version":[{"id":1903,"href":"https:\/\/kriik.al\/home\/wp-json\/wp\/v2\/pages\/336\/revisions\/1903"}],"wp:attachment":[{"href":"https:\/\/kriik.al\/home\/wp-json\/wp\/v2\/media?parent=336"}],"curies":[{"name":"wp","href":"https:\/\/api.w.org\/{rel}","templated":true}]}}