{"id":3089,"date":"2025-03-13T20:22:16","date_gmt":"2025-03-13T19:22:16","guid":{"rendered":"https:\/\/kriik.al\/home\/?page_id=3089"},"modified":"2025-05-08T14:33:43","modified_gmt":"2025-05-08T12:33:43","slug":"shpenzime-per-reklama-politike-ne-facebook-dhe-instagram-2025","status":"publish","type":"page","link":"https:\/\/kriik.al\/home\/shpenzime-per-reklama-politike-ne-facebook-dhe-instagram-2025\/","title":{"rendered":"Shpenzime per reklama politike ne Facebook dhe Instagram &#8211; 2025"},"content":{"rendered":"\n<h1 class=\"wp-block-heading has-text-align-center\">Shpenzime p\u00ebr reklama politike n\u00eb Facebook dhe Instagram<\/h1>\n\n\n\n<h2 class=\"wp-block-heading has-text-align-center has-medium-font-size\"><strong><em>Zgjedhje p\u00ebr Kuvendin e Shqip\u00ebris\u00eb, 11 maj 2025<\/em><\/strong><\/h2>\n\n\n\n<hr class=\"wp-block-separator has-alpha-channel-opacity is-style-dots\"\/>\n\n\n\n<p class=\"has-small-font-size\">M\u00eb posht\u00eb do t\u00eb gjeni nj\u00eb paraqitje grafike t\u00eb shpenzimeve per reklama politike ne platformat sociale te kompanise Meta (Facebook dhe Instagram), p\u00ebrgjat\u00eb periudh\u00ebs 5 dhjetor (dita e shpalljes se dates se zgjedhjeve nga Presidenti) deri n\u00eb dit\u00ebn e zgjedhjeve (11 maj 2025).<\/p>\n\n\n\n<p class=\"has-small-font-size\"><em>N\u00ebse d\u00ebshironi t\u00eb shihni t\u00eb dh\u00ebnat vet\u00ebm p\u00ebr nj\u00eb a m\u00eb shum\u00eb subjekte zgjedhore \/ parti politike, apo per nje periudhe kohore te ndryshme nga ajo e paracaktuar,  p\u00ebrzgjidhni subjektin\/et apo periudhen kohore te preferuar n\u00eb kutit\u00eb m\u00eb posht\u00eb. <a href=\"#kontekst\" title=\"\">Me shume kontekst<\/a>. <\/em><\/p>\n\n\n\n<hr class=\"wp-block-separator has-alpha-channel-opacity is-style-dots\"\/>\n\n\n\n<iframe loading=\"lazy\" width=\"1200\" height=\"2800\" src=\"https:\/\/lookerstudio.google.com\/embed\/reporting\/beb09c60-7b66-4701-ba88-bbeaa15edc2a\/page\/p_sp8qrn71zc\" frameborder=\"0\" style=\"border:0\" allowfullscreen sandbox=\"allow-storage-access-by-user-activation allow-scripts allow-same-origin allow-popups allow-popups-to-escape-sandbox\"><\/iframe>\n\n\n\n<h2 class=\"wp-block-heading\" id=\"kontekst\">Me shume kontekst<\/h2>\n\n\n<span class=\"collapseomatic \" id=\"id69f6b98083998\"  tabindex=\"0\" title=\"Ku dallojn\u00eb subjektet zgjedhore nga partit\u00eb politike?\"    >Ku dallojn\u00eb subjektet zgjedhore nga partit\u00eb politike?<\/span><div id=\"target-id69f6b98083998\" class=\"collapseomatic_content \">\n\n\n\n<hr class=\"wp-block-separator has-css-opacity\"\/>\n\n\n\n<p class=\"has-small-font-size\"><em>Legjislacioni shqiptar njeh si subjekt zgjedhor &#8220;<\/em>nj\u00eb parti politike ose nj\u00eb koalicion partish politike, t\u00eb cil\u00ebt paraqesin list\u00eb kandidat\u00ebsh&#8221; (Neni 63, pika 1 e Kodit Zgjedhor).<\/p>\n\n\n\n<p class=\"has-small-font-size\">N<em>\u00eb Zgjedhjet per Kuvendin e Shqiperise tw dates 11 maj 2025 jane regjistruar 26 subjekte zgjedhore (shih listen e subjekteve zgjedhore te regjistruara per Zgjedhjet e 11 majit 2025 <a href=\"https:\/\/kqz.gov.al\/subjekte-zgjedhore)\" target=\"_blank\" rel=\"noopener\" title=\"\">ne faqen e internetit te KQZ-se<\/a>). Nga keto tre jane koalicione te perbera nga me shume se nje parti politike dhe 23 jane parti politike qe garojne te vetme. <\/em><\/p>\n\n\n\n<p class=\"has-small-font-size\">Si rrjedhim, ne grafikun me siper, 23 prej subjekteve zgjedhore jane ne fakt dhe parti politike dhe shpenzimet e kryra prej tyre do te jene identike me ato te partise. <\/p>\n\n\n\n<p class=\"has-small-font-size\">Nderkohe per tre subjekte zgjedhore (PD Koalicioni per Shqiperine Madheshtore, NIsma Shqiperia Behet dhe Djathtas per Zhvillim), shpenzimet e subjektit dhe ato te partive politike perberese te tij paraqiten te ndara.<\/p>\n\n\n<\/div>\n\n\n\n<hr class=\"wp-block-separator has-css-opacity\"\/>\n\n\n<span class=\"collapseomatic \" id=\"id69f6b98083ae9\"  tabindex=\"0\" title=\"Metodologjia\"    >Metodologjia<\/span><div id=\"target-id69f6b98083ae9\" class=\"collapseomatic_content \">\n\n\n\n<hr class=\"wp-block-separator has-css-opacity\"\/>\n\n\n\n<p class=\"has-small-font-size\">T\u00eb dh\u00ebnat u shkarkuan \u00e7do jav\u00eb nga <a href=\"https:\/\/www.facebook.com\/ads\/library\/?active_status=all&amp;ad_type=all&amp;country=ALL&amp;media_type=all\">libraria e reklamave politike t\u00eb Meta<\/a> nga data 5 dhjetor 2024 (dita e shpalljes se dates se zgjedhjeve nga Presidenti) deri ne 11 maj 2025 (dita e zgjedhjeve) dhe p\u00ebrfshijn\u00eb shpenzime t\u00eb kryera n\u00eb platformat sociale Facebook dhe Instagram. T\u00eb dh\u00ebnat b\u00ebhen t\u00eb mundura nga vet\u00eb kompania Meta.<\/p>\n\n\n\n<p class=\"has-small-font-size\">Arsyeja p\u00ebr shkarkimin e t\u00eb dh\u00ebnave n\u00eb baz\u00eb javore dhe jo m\u00eb shpesh \u00ebsht\u00eb se libraria e reklamave politike t\u00eb Meta paraqet me sakt\u00ebsi shpenzimet vet\u00ebm p\u00ebr shumat mbi 100 dollar\u00eb amerikan\u00eb dhe n\u00ebn k\u00ebt\u00eb shum\u00eb jep vet\u00ebm nj\u00eb rang t\u00eb p\u00ebraf\u00ebrt. Si rrjedhim, shkarkimi m\u00eb shpesh i libraris\u00eb do t\u00eb humbiste t\u00eb dh\u00ebnat p\u00ebr nj\u00eb s\u00ebr\u00eb subjektesh q\u00eb mund t\u00eb shpenzojn\u00eb shuma t\u00eb vogla (m\u00eb pak se 100 dollar\u00eb) n\u00eb baz\u00eb ditore, por q\u00eb n\u00eb total shpenzojn\u00eb shuma t\u00eb konsiderueshme. &nbsp;<\/p>\n\n\n\n<p class=\"has-small-font-size\">N\u00eb praktik\u00eb, sa m\u00eb sip\u00ebr do t\u00eb thot\u00eb se ka t\u00eb tjer\u00eb subjekte q\u00eb kan\u00eb shpenzuar p\u00ebr reklama politike n\u00eb Facebook dhe Instagram gjat\u00eb periudh\u00ebs s\u00eb monitoruar, por t\u00eb dh\u00ebnat p\u00ebr k\u00ebto subjekte nuk p\u00ebrfshihen pasi ato nuk mund t\u00eb evidentohen me sakt\u00ebsi per sa kohe qe shpenzojne me pak se 100 dollare amerikane ne jave.<\/p>\n\n\n\n<p class=\"has-small-font-size\">Kategorizimi i faqeve te monitoruara ne subjekte zgjedhore, apo pale te treta, kryhet nga ekspertet e KRIIK, bazuar ne siglen nen te cilen keta subjekte kane garuar apo subjektit zgjedhor qe ata propagandonin ne faqet perkatese, apo faktin nese ato jane faqe te subjekteve zgjedhore apo pa lidhje me to (per palet e treta).   <\/p>\n\n\n<\/div>\n\n\n\n<hr class=\"wp-block-separator has-css-opacity\"\/>\n","protected":false},"excerpt":{"rendered":"<p>Shpenzime p\u00ebr reklama politike n\u00eb Facebook dhe Instagram Zgjedhje p\u00ebr Kuvendin e Shqip\u00ebris\u00eb, 11 maj 2025 M\u00eb posht\u00eb do t\u00eb gjeni nj\u00eb paraqitje grafike t\u00eb shpenzimeve per reklama politike ne platformat sociale te kompanise Meta (Facebook dhe Instagram), p\u00ebrgjat\u00eb periudh\u00ebs 5 dhjetor (dita e shpalljes se dates se zgjedhjeve nga Presidenti) deri n\u00eb dit\u00ebn e&#8230;<\/p>\n","protected":false},"author":4,"featured_media":0,"parent":0,"menu_order":0,"comment_status":"closed","ping_status":"closed","template":"template-page-builder-no-sidebar.php","meta":{"om_disable_all_campaigns":false,"_monsterinsights_skip_tracking":false,"_monsterinsights_sitenote_active":false,"_monsterinsights_sitenote_note":"","_monsterinsights_sitenote_category":0,"footnotes":""},"class_list":["post-3089","page","type-page","status-publish","hentry"],"aioseo_notices":[],"_links":{"self":[{"href":"https:\/\/kriik.al\/home\/wp-json\/wp\/v2\/pages\/3089","targetHints":{"allow":["GET"]}}],"collection":[{"href":"https:\/\/kriik.al\/home\/wp-json\/wp\/v2\/pages"}],"about":[{"href":"https:\/\/kriik.al\/home\/wp-json\/wp\/v2\/types\/page"}],"author":[{"embeddable":true,"href":"https:\/\/kriik.al\/home\/wp-json\/wp\/v2\/users\/4"}],"replies":[{"embeddable":true,"href":"https:\/\/kriik.al\/home\/wp-json\/wp\/v2\/comments?post=3089"}],"version-history":[{"count":12,"href":"https:\/\/kriik.al\/home\/wp-json\/wp\/v2\/pages\/3089\/revisions"}],"predecessor-version":[{"id":3266,"href":"https:\/\/kriik.al\/home\/wp-json\/wp\/v2\/pages\/3089\/revisions\/3266"}],"wp:attachment":[{"href":"https:\/\/kriik.al\/home\/wp-json\/wp\/v2\/media?parent=3089"}],"curies":[{"name":"wp","href":"https:\/\/api.w.org\/{rel}","templated":true}]}}