{"id":1782,"date":"2023-02-05T18:11:49","date_gmt":"2023-02-05T17:11:49","guid":{"rendered":"https:\/\/kriik.al\/home\/?page_id=1782"},"modified":"2023-09-05T08:54:02","modified_gmt":"2023-09-05T06:54:02","slug":"shpenzime-per-reklama-politike-ne-facebook-dhe-instagram","status":"publish","type":"page","link":"https:\/\/kriik.al\/home\/shpenzime-per-reklama-politike-ne-facebook-dhe-instagram\/","title":{"rendered":"Shpenzime per reklama politike ne Facebook dhe Instagram"},"content":{"rendered":"\n<p class=\"has-small-font-size\">M\u00eb posht\u00eb do t\u00eb gjeni nj\u00eb paraqitje grafike t\u00eb shpenzimeve per reklama politike ne platformat sociale te kompanise Meta (Facebook dhe Instagram), p\u00ebrgjat\u00eb periudh\u00ebs 24 tetor (dita e shpalljes se dates se zgjedhjeve nga Presidenti) deri n\u00eb dit\u00ebn e zgjedhjeve (14 maj 2023).<\/p>\n\n\n\n<p class=\"has-small-font-size\"><em>N\u00ebse d\u00ebshironi t\u00eb shihni t\u00eb dh\u00ebnat vet\u00ebm p\u00ebr nj\u00eb a m\u00eb shum\u00eb subjekte politike apo per nje periudhe kohore te ndryshme nga ajo e paracaktuar,  p\u00ebrzgjidhni subjektin\/et apo periudhen kohore te preferuar n\u00eb kutit\u00eb m\u00eb posht\u00eb. <a href=\"#kontekst\" title=\"\">Me shume kontekst<\/a>. <\/em><\/p>\n\n\n\n<iframe loading=\"lazy\" width=\"1200\" height=\"1000\" src=\"https:\/\/lookerstudio.google.com\/embed\/reporting\/4e3b9772-56b9-4718-af0a-20b923f08179\/page\/p_sp8qrn71zc\" frameborder=\"0\" style=\"border:0\" allowfullscreen><\/iframe>\n\n\n\n<h2 class=\"wp-block-heading\" id=\"kontekst\">Me shume kontekst<\/h2>\n\n\n<span class=\"collapseomatic \" id=\"id69f230db38262\"  tabindex=\"0\" title=\"\u00c7far\u00eb jan\u00eb pal\u00ebt e treta?\"    >\u00c7far\u00eb jan\u00eb pal\u00ebt e treta?<\/span><div id=\"target-id69f230db38262\" class=\"collapseomatic_content \">\n\n\n\n<hr class=\"wp-block-separator\"\/>\n\n\n\n<p class=\"has-small-font-size\"><em>Legjislacioni n\u00eb disa shtete mbulon fushat\u00ebn, mbledhjen e fondeve dhe shpenzimet nga individ\u00eb dhe organizata q\u00eb nuk jan\u00eb t\u00eb lidhura ligj\u00ebrisht me ndonj\u00eb kandidat ose parti, por b\u00ebjn\u00eb fushat\u00eb pro ose kund\u00ebr kandidat\u00ebve ose partive, ose p\u00ebr \u00e7\u00ebshtje specifike. N\u00eb vend q\u00eb t\u00eb japin donacione, k\u00ebta persona dhe subjekte, t\u00eb njohura zakonisht si &#8220;pal\u00eb t\u00eb treta&#8221; ose &#8220;aktivist\u00eb jopartiak\u00eb&#8221;, shp\u00ebrndajn\u00eb informacione drejtp\u00ebrdrejt tek publiku <\/em>(<a href=\"https:\/\/www.osce.org\/files\/f\/documents\/f\/8\/135516.pdf\">Doracaku i OSBE\/ODIHR p\u00ebr V\u00ebzhgimin e Financimit t\u00eb Fushat\u00ebs Zgjedhore<\/a>).<\/p>\n\n\n\n<p class=\"has-small-font-size\">Kuadri ligjor shqiptar nuk e p\u00ebrfshin konceptin e pal\u00ebve t\u00eb treta dhe as ka ndonj\u00eb rregullim specifik n\u00eb lidhje me to persa u perket shpenzimeve per reklama politike online, perfshi mediat sociale. Si rrjedhim, kjo \u00ebsht\u00eb nj\u00eb fush\u00eb e parregulluar dhe le hap\u00ebsir\u00eb p\u00ebr abuzim dhe anashkalim t\u00eb kufizimeve t\u00eb vendosura p\u00ebr shpenzimet zgjedhore nga subjektet zgjedhore. Ne lidhje me disa elemente te tjere te shpenzimeve, te tilla si posterat, reklamat ne mediat audiovizive, etj., legjilsacioni i ndalon shpenzimet nga pale te treta. <\/p>\n\n\n\n<p class=\"has-small-font-size\">N\u00eb frym\u00ebn e p\u00ebrkufizimit t\u00eb m\u00ebsip\u00ebrm nga ODIHR, KRIIK konsideron pal\u00eb t\u00eb treta t\u00eb gjith\u00eb entitetet q\u00eb shpenzojn\u00eb p\u00ebr reklama te cilat propagandojne pozitiisht apo negativisht subjekte zgjedhore specifike n\u00eb Facebook apo Instagram.<\/p>\n\n\n<\/div>\n\n\n\n<hr class=\"wp-block-separator\"\/>\n\n\n<span class=\"collapseomatic \" id=\"id69f230db38363\"  tabindex=\"0\" title=\"Metodologjia\"    >Metodologjia<\/span><div id=\"target-id69f230db38363\" class=\"collapseomatic_content \">\n\n\n\n<hr class=\"wp-block-separator\"\/>\n\n\n\n<p class=\"has-small-font-size\">T\u00eb dh\u00ebnat u shkarkuan \u00e7do jav\u00eb nga <a href=\"https:\/\/www.facebook.com\/ads\/library\/?active_status=all&amp;ad_type=all&amp;country=ALL&amp;media_type=all\">libraria e reklamave politike t\u00eb Meta<\/a> nga data 24 tetor 2022 (dita e shpalljes se dates se zgjedhjeve nga Presidenti) deri ne 14 maj 2023 (dita e zgjedhjeve) dhe p\u00ebrfshijn\u00eb shpenzime t\u00eb kryera n\u00eb platformat sociale Facebook dhe Instagram. T\u00eb dh\u00ebnat b\u00ebhen t\u00eb mundura nga vet\u00eb kompania Meta.<\/p>\n\n\n\n<p class=\"has-small-font-size\">Arsyeja p\u00ebr shkarkimin e t\u00eb dh\u00ebnave n\u00eb baz\u00eb javore dhe jo m\u00eb shpesh \u00ebsht\u00eb se libraria e reklamave politike t\u00eb Meta paraqet me sakt\u00ebsi shpenzimet vet\u00ebm p\u00ebr shumat mbi 100 dollar\u00eb amerikan\u00eb dhe n\u00ebn k\u00ebt\u00eb shum\u00eb jep vet\u00ebm nj\u00eb rang t\u00eb p\u00ebraf\u00ebrt. Si rrjedhim, shkarkimi m\u00eb shpesh i libraris\u00eb do t\u00eb humbiste t\u00eb dh\u00ebnat p\u00ebr nj\u00eb s\u00ebr\u00eb subjektesh q\u00eb mund t\u00eb shpenzojn\u00eb shuma t\u00eb vogla (m\u00eb pak se 100 dollar\u00eb) n\u00eb baz\u00eb ditore, por q\u00eb n\u00eb total shpenzojn\u00eb shuma t\u00eb konsiderueshme. &nbsp;<\/p>\n\n\n\n<p class=\"has-small-font-size\">N\u00eb praktik\u00eb, sa m\u00eb sip\u00ebr do t\u00eb thot\u00eb se ka t\u00eb tjer\u00eb subjekte q\u00eb kan\u00eb shpenzuar p\u00ebr reklama politike n\u00eb Facebook dhe Instagram gjat\u00eb periudh\u00ebs s\u00eb monitoruar, por t\u00eb dh\u00ebnat p\u00ebr k\u00ebto subjekte nuk p\u00ebrfshihen pasi ato nuk mund t\u00eb evidentohen me sakt\u00ebsi per sa kohe qe shpenzojne me pak se 100 fdollare amerikane ne jave.<\/p>\n\n\n\n<p class=\"has-small-font-size\">Kategorizimi i faqeve te monitoruara ne subjekte zgjedhore, apo pale te treta, kryhet nga ekspertet e KRIIK, bazuar ne siglen nen te cilen keta subjekte kane garuar apo subjektit zgjedhor qe ata propagandonin ne faqet perkatese, apo faktin nese ato jane faqe te subjekteve zgjedhore apo pa lidhje me to (per palet e treta).   <\/p>\n\n\n<\/div>\n\n\n\n<hr class=\"wp-block-separator\"\/>\n","protected":false},"excerpt":{"rendered":"<p>M\u00eb posht\u00eb do t\u00eb gjeni nj\u00eb paraqitje grafike t\u00eb shpenzimeve per reklama politike ne platformat sociale te kompanise Meta (Facebook dhe Instagram), p\u00ebrgjat\u00eb periudh\u00ebs 24 tetor (dita e shpalljes se dates se zgjedhjeve nga Presidenti) deri n\u00eb dit\u00ebn e zgjedhjeve (14 maj 2023). N\u00ebse d\u00ebshironi t\u00eb shihni t\u00eb dh\u00ebnat vet\u00ebm p\u00ebr nj\u00eb a m\u00eb shum\u00eb&#8230;<\/p>\n","protected":false},"author":4,"featured_media":0,"parent":0,"menu_order":0,"comment_status":"closed","ping_status":"closed","template":"template-page-builder-no-sidebar.php","meta":{"om_disable_all_campaigns":false,"_monsterinsights_skip_tracking":false,"_monsterinsights_sitenote_active":false,"_monsterinsights_sitenote_note":"","_monsterinsights_sitenote_category":0,"footnotes":""},"class_list":["post-1782","page","type-page","status-publish","hentry"],"aioseo_notices":[],"_links":{"self":[{"href":"https:\/\/kriik.al\/home\/wp-json\/wp\/v2\/pages\/1782","targetHints":{"allow":["GET"]}}],"collection":[{"href":"https:\/\/kriik.al\/home\/wp-json\/wp\/v2\/pages"}],"about":[{"href":"https:\/\/kriik.al\/home\/wp-json\/wp\/v2\/types\/page"}],"author":[{"embeddable":true,"href":"https:\/\/kriik.al\/home\/wp-json\/wp\/v2\/users\/4"}],"replies":[{"embeddable":true,"href":"https:\/\/kriik.al\/home\/wp-json\/wp\/v2\/comments?post=1782"}],"version-history":[{"count":32,"href":"https:\/\/kriik.al\/home\/wp-json\/wp\/v2\/pages\/1782\/revisions"}],"predecessor-version":[{"id":2644,"href":"https:\/\/kriik.al\/home\/wp-json\/wp\/v2\/pages\/1782\/revisions\/2644"}],"wp:attachment":[{"href":"https:\/\/kriik.al\/home\/wp-json\/wp\/v2\/media?parent=1782"}],"curies":[{"name":"wp","href":"https:\/\/api.w.org\/{rel}","templated":true}]}}

<p class="has-small-font-size">Më poshtë do të gjeni një paraqitje grafike të shpenzimeve per reklama politike ne platformat sociale te kompanise Meta (Facebook dhe Instagram), përgjatë periudhës 24 tetor (dita e shpalljes se dates se zgjedhjeve nga Presidenti) deri në ditën e zgjedhjeve (14 maj 2023).</p>



<p class="has-small-font-size"><em>Nëse dëshironi të shihni të dhënat vetëm për një a më shumë subjekte politike apo per nje periudhe kohore te ndryshme nga ajo e paracaktuar,  përzgjidhni subjektin/et apo periudhen kohore te preferuar në kutitë më poshtë. <a href="#kontekst" title="">Me shume kontekst</a>. </em></p>



<iframe loading="lazy" width="1200" height="1000" src="https://lookerstudio.google.com/embed/reporting/4e3b9772-56b9-4718-af0a-20b923f08179/page/p_sp8qrn71zc" frameborder="0" style="border:0" allowfullscreen></iframe>



<h2 class="wp-block-heading" id="kontekst">Me shume kontekst</h2>


<span class="collapseomatic " id="id69f230db38262"  tabindex="0" title="Çfarë janë palët e treta?"    >Çfarë janë palët e treta?</span><div id="target-id69f230db38262" class="collapseomatic_content ">



<hr class="wp-block-separator"/>



<p class="has-small-font-size"><em>Legjislacioni në disa shtete mbulon fushatën, mbledhjen e fondeve dhe shpenzimet nga individë dhe organizata që nuk janë të lidhura ligjërisht me ndonjë kandidat ose parti, por bëjnë fushatë pro ose kundër kandidatëve ose partive, ose për çështje specifike. Në vend që të japin donacione, këta persona dhe subjekte, të njohura zakonisht si &#8220;palë të treta&#8221; ose &#8220;aktivistë jopartiakë&#8221;, shpërndajnë informacione drejtpërdrejt tek publiku </em>(<a href="https://www.osce.org/files/f/documents/f/8/135516.pdf">Doracaku i OSBE/ODIHR për Vëzhgimin e Financimit të Fushatës Zgjedhore</a>).</p>



<p class="has-small-font-size">Kuadri ligjor shqiptar nuk e përfshin konceptin e palëve të treta dhe as ka ndonjë rregullim specifik në lidhje me to persa u perket shpenzimeve per reklama politike online, perfshi mediat sociale. Si rrjedhim, kjo është një fushë e parregulluar dhe le hapësirë për abuzim dhe anashkalim të kufizimeve të vendosura për shpenzimet zgjedhore nga subjektet zgjedhore. Ne lidhje me disa elemente te tjere te shpenzimeve, te tilla si posterat, reklamat ne mediat audiovizive, etj., legjilsacioni i ndalon shpenzimet nga pale te treta. </p>



<p class="has-small-font-size">Në frymën e përkufizimit të mësipërm nga ODIHR, KRIIK konsideron palë të treta të gjithë entitetet që shpenzojnë për reklama te cilat propagandojne pozitiisht apo negativisht subjekte zgjedhore specifike në Facebook apo Instagram.</p>


</div>



<hr class="wp-block-separator"/>


<span class="collapseomatic " id="id69f230db38363"  tabindex="0" title="Metodologjia"    >Metodologjia</span><div id="target-id69f230db38363" class="collapseomatic_content ">



<hr class="wp-block-separator"/>



<p class="has-small-font-size">Të dhënat u shkarkuan çdo javë nga <a href="https://www.facebook.com/ads/library/?active_status=all&amp;ad_type=all&amp;country=ALL&amp;media_type=all">libraria e reklamave politike të Meta</a> nga data 24 tetor 2022 (dita e shpalljes se dates se zgjedhjeve nga Presidenti) deri ne 14 maj 2023 (dita e zgjedhjeve) dhe përfshijnë shpenzime të kryera në platformat sociale Facebook dhe Instagram. Të dhënat bëhen të mundura nga vetë kompania Meta.</p>



<p class="has-small-font-size">Arsyeja për shkarkimin e të dhënave në bazë javore dhe jo më shpesh është se libraria e reklamave politike të Meta paraqet me saktësi shpenzimet vetëm për shumat mbi 100 dollarë amerikanë dhe nën këtë shumë jep vetëm një rang të përafërt. Si rrjedhim, shkarkimi më shpesh i librarisë do të humbiste të dhënat për një sërë subjektesh që mund të shpenzojnë shuma të vogla (më pak se 100 dollarë) në bazë ditore, por që në total shpenzojnë shuma të konsiderueshme. &nbsp;</p>



<p class="has-small-font-size">Në praktikë, sa më sipër do të thotë se ka të tjerë subjekte që kanë shpenzuar për reklama politike në Facebook dhe Instagram gjatë periudhës së monitoruar, por të dhënat për këto subjekte nuk përfshihen pasi ato nuk mund të evidentohen me saktësi per sa kohe qe shpenzojne me pak se 100 fdollare amerikane ne jave.</p>



<p class="has-small-font-size">Kategorizimi i faqeve te monitoruara ne subjekte zgjedhore, apo pale te treta, kryhet nga ekspertet e KRIIK, bazuar ne siglen nen te cilen keta subjekte kane garuar apo subjektit zgjedhor qe ata propagandonin ne faqet perkatese, apo faktin nese ato jane faqe te subjekteve zgjedhore apo pa lidhje me to (per palet e treta).   </p>


</div>



<hr class="wp-block-separator"/>

<p>Më poshtë do të gjeni një paraqitje grafike të shpenzimeve per reklama politike ne platformat sociale te kompanise Meta (Facebook dhe Instagram), përgjatë periudhës 24 tetor (dita e shpalljes se dates se zgjedhjeve nga Presidenti) deri në ditën e zgjedhjeve (14 maj 2023). Nëse dëshironi të shihni të dhënat vetëm për një a më shumë&#8230;</p>
